7
Let j = 133 + -50. Calculate the remainder when 1492 is divided by j.
81
Let k = 340 - -339. Suppose 3*u - 3*t = k + 1403, 2*t = 5*u - 3479. Calculate the remainder when u is divided by 14.
11
Let s = 377 - 334. Let k be 54/10 + (-10)/25. Suppose -16 + k = -g. Calculate the remainder when s is divided by g.
10
Let h = 718 + -80. Calculate the remainder when h is divided by 32.
30
Let b = 19521 - 13822. Calculate the remainder when b is divided by 114.
113
Suppose -2*g - 5198 + 6150 = 2*g. What is the remainder when g is divided by 50?
38
Let o(b) = b**3 + 12*b**2 + 15*b + 30. Let q = -131 + 122. What is the remainder when o(q) is divided by 20?
18
Suppose 5*l - w - 1454 = 0, -4*l - 284*w = -280*w - 1192. What is the remainder when l is divided by 27?
22
Calculate the remainder when 7866 is divided by (20/75*6)/((-101)/(-12120)).
186
Let j(h) = -h**3 - 153*h**2 + 1125*h - 5. Suppose -m = -2*m + 4. Calculate the remainder when j(7) is divided by m.
2
Suppose -2*p + o + 34485 = 3*p, -6*o = 0. Calculate the remainder when p is divided by 20.
17
Let s(h) = h**3 + 11*h**2 + 6*h + 7. Let y be s(-9). Suppose y + 191 = 17*q. What is the remainder when 250 is divided by q?
16
What is the remainder when (-260644)/(-34) + (-70)/7 is divided by 23?
20
Let n(s) = -9*s - 3. Suppose -5*r + 669 + 341 = 4*r + 209. What is the remainder when r is divided by n(-2)?
14
Calculate the remainder when -3 - (17 - 3439/19) is divided by 65.
31
Let d = -553 - -555. Suppose -s = 3*a - 938, a + d*s - 5*s = 326. What is the remainder when a is divided by 17?
8
Let k = -38253 - -38766. Calculate the remainder when k is divided by 98.
23
Suppose 0 = -o - 5*x + 468 - 411, -2*x + 192 = 4*o. Calculate the remainder when 1314 is divided by o.
45
Let i = -208 + 222. Suppose -6 = -5*v + i. What is the remainder when v is divided by 4?
0
Let j be (-89)/(-3)*288/32. Let z = -205 + j. What is the remainder when z is divided by 16?
14
Let r(c) = 384*c**2 + 3*c - 3. Let i be r(1). Suppose i = 10*d + 174. Calculate the remainder when 99 is divided by d.
15
Let u = -750 + 749. What is the remainder when ((-1 - u) + 139)*(-143 + 144) is divided by 76?
63
Suppose -3*d = 2*t - 926, 2*t = -d + 1053 - 115. What is the remainder when t is divided by 9?
4
Let m(c) = c**2 + 28*c - 7. Let x be m(-45). Let f = x - 738. What is the remainder when 79 is divided by f?
19
Let s = 15 + 30. Let x = 50 - s. Suppose n = -x*n + 204. Calculate the remainder when 167 is divided by n.
31
Let l(o) = o**2 - 45*o - 212. Calculate the remainder when l(-55) is divided by 123.
122
Suppose -138*z + 144*z - 12 = 0. What is the remainder when (46 + 6 + 4)/z is divided by 15?
13
Suppose 0 = -35*l - 12 + 257. Calculate the remainder when 167 is divided by l.
6
Let z = 211 + -205. Suppose -4*p = -2*p - 3*l - 58, -4*p = 4*l - 76. Calculate the remainder when p is divided by z.
5
Let n be (-1)/5 - (-95)/50*58. Let f = n - 78. Calculate the remainder when 61 is divided by f.
29
Let d = 512 - 951. Let c = d - -687. Calculate the remainder when c is divided by 18.
14
Suppose -2*y + 6 = 14. Calculate the remainder when (-6)/21 - (-499)/7 is divided by 2/4*222/(-12)*y.
34
Suppose 5*d + 0*d + m - 4353 = 0, -3*d - 3*m = -2607. What is the remainder when d is divided by 38?
35
Let n(a) = -5*a**2 + 88*a + 75. Let d = -76 - -188. What is the remainder when d is divided by n(18)?
34
Suppose -w - 5*n + 18 = 10, -2*n - 76 = -2*w. Suppose -5 = -p + 4*i, -p - 4 = 4*i - w. Calculate the remainder when 399/3 - (-4)/2 is divided by p.
16
Suppose -61 = 7*a - 173. Calculate the remainder when 162 is divided by a.
2
Let m(s) = s**3 - 29*s**2 + 28*s + 75. What is the remainder when 406 is divided by m(28)?
31
Let g(d) = d**3 - 5*d**2 + 5*d - 3. Suppose -9*m + 18 = -p - 5*m, 0 = -5*p - 4*m - 162. Calculate the remainder when (2/4)/((-5)/p) is divided by g(4).
0
Suppose -7*g = -8*g - 10. Calculate the remainder when ((-5)/g)/((-2)/(-332)) is divided by 18.
11
What is the remainder when 240/2 - (0 - -1) is divided by (1 - (-3 + -6))/(-1)*-4?
39
Let v(c) be the third derivative of 41*c**6/40 + 11*c**5/60 - 5*c**4/12 - 115*c**2. Calculate the remainder when v(1) is divided by 63.
61
Let b be 3 - 7 - (-5 - 1). Let x = b - 1. What is the remainder when 105 is divided by (-380)/(-40) - x/2?
6
Let o be (1*2/(-2))/1. Let i(k) = -153*k - 140. What is the remainder when i(-1) is divided by (-23)/(-3) + o/(-3)?
5
Let l = -296 + 431. Let d = 391 + l. Calculate the remainder when d is divided by 66.
64
Let j(i) = i**3 - 4*i**2 - 6*i - 6. Suppose 0 = -12*k - 2*c + 2533 - 45, 4*k + 4*c - 816 = 0. Calculate the remainder when k is divided by j(6).
28
Let v be (-3)/(-2 - (-140)/64). Suppose 0 = 4*d - 3*l - 96, -3*l - 36 + 3 = -d. Calculate the remainder when d is divided by v/120 - 366/(-45).
5
Suppose -p - 1595 = -1698. What is the remainder when 450 is divided by p?
38
Suppose 0 = 3*f + m - 3*m - 12, 0 = 3*m. Let v(w) = -w + 19. Let l be v(17). Suppose f*z - 12 = l*z. Calculate the remainder when 19 is divided by z.
1
Let v(f) = -29*f - 1. Let q(k) = -k**2 - 22*k + 48828. What is the remainder when q(-229) is divided by v(-1)?
25
Suppose -2*o + 7*m = 6*m - 57, 0 = -13*o + 2*m + 348. What is the remainder when 3576 is divided by o?
14
Suppose -a - 84433 = -84644. Calculate the remainder when 1257 is divided by a.
202
Let d = 2776 - 2041. What is the remainder when d is divided by 8?
7
Suppose -2*m + 2*y + 100 = 0, -2*m = -86*y + 88*y - 112. What is the remainder when 1638 is divided by m?
48
Let j = -176 - -160. Let n = 7 - j. What is the remainder when 45 is divided by n?
22
Suppose -48 = 4*g - 8*g. Suppose -6*h = -12*h - g. What is the remainder when 96 is divided by 3 - 2 - -21 - (-5 - h)?
21
Suppose -2*b + j + 363 = 0, 5*j - 548 = -3*b + 3*j. Let c = -19 + 25. Let f(r) = 8*r - 2. What is the remainder when b is divided by f(c)?
44
Suppose 3*p - 18*p = -60. Suppose p*w - 3*a - 23 - 27 = 0, -6 = -w + 4*a. What is the remainder when 63 is divided by w?
7
Let p(x) = -x**3 - 16*x**2 + 18*x + 30. Calculate the remainder when 2625 is divided by p(-17).
12
Let x be 3/(-15)*0*-1. Suppose x = 32*i - 28*i - 56. Calculate the remainder when 53 is divided by i.
11
Let t(x) be the first derivative of -3/2*x**2 + 1/3*x**3 - 26 + 0*x + 12*x**4. Calculate the remainder when t(1) is divided by 12.
10
What is the remainder when 72 is divided by ((-5831)/3087)/(1/(-9))?
4
Let x(n) = -n**3 - 16*n**2 - 15*n - 1. Let u be x(-15). Let d be (4/5*u)/(4/10). What is the remainder when 18 is divided by (1 - d) + (-1 + 29)/4?
8
Suppose -96674 = 86*x - 1044222. Calculate the remainder when x is divided by 20.
18
Let j = -2180 - -13080. Calculate the remainder when j is divided by 8.
4
Let a(o) = -32*o + 1103. Let r(s) = -s**2 + 3*s + 6. Let y be r(6). Calculate the remainder when (57/12)/((-1)/y) is divided by a(34).
12
Let f(s) = s**2 + 2*s - 15. Let h be f(-5). Suppose 0 = 5*k + 5*p - 445, 2*k - 4*p + 2*p - 170 = h. What is the remainder when k is divided by 44?
43
Let z(b) = 2*b**3 - 18*b**2 - 34*b + 326. Calculate the remainder when z(13) is divided by 1218.
18
Let h = 406 - 118. Suppose -m = 3*m - h. What is the remainder when 45 is divided by 1 - 2 - m/(-4)?
11
Let l(h) = -16*h - 12. Let a = 261 + -271. What is the remainder when l(a) is divided by 53?
42
Let o be (8/(-10))/((-6)/15). Suppose 0 = -2*z - o*z - 504. Let m = -85 - z. Calculate the remainder when m is divided by 16.
9
Let n(v) = v**3 - 2*v**2 + 22*v - 80. What is the remainder when 1679 is divided by n(5)?
104
Suppose 0 = 5*z + w - 770, -3*z - 3*w = -6*z + 480. Suppose 10*n - z = 85. Suppose -n = -10*r + 6*r. Calculate the remainder when 69 is divided by r.
3
Let o(r) = -19*r + 570. Calculate the remainder when o(24) is divided by -26*-2*(-3)/(-12).
10
Suppose -72 = 215*s - 227*s. Suppose -n = 4*u - s*u - 5, 0 = 3*n + 5*u - 48. What is the remainder when 100 is divided by n?
1
Suppose 792*o - 787*o = 4*v - 124, -146 = -5*v + 4*o. Let w(l) = l**2 - 6*l + 2. Calculate the remainder when w(-6) is divided by v.
22
Let g = 3121 + -2932. What is the remainder when 192 is divided by g?
3
Suppose 0 = -2*x - 0*x - 5*t - 5, -3*t = 21. Calculate the remainder when 83 is divided by x.
8
Let k(t) = 6*t**3 + 5*t**2 + 2*t + 2. 